 base 15, what is -8ce + 19a?
-734
In base 9, what is 375 + 12082?
12467
In base 2, what is -11110 - -1011001100010010?
1011001011110100
In base 4, what is 1010 + -122033?
-121023
In base 11, what is 5 - -6598?
65a2
In base 16, what is 2464 + -2?
2462
In base 9, what is 130 + -74?
45
In base 14, what is -109ccd + 4?
-109cc9
In base 10, what is -8 - -167?
159
In base 14, what is 207 + -126?
c1
In base 4, what is 11 - -1120102?
1120113
In base 2, what is 101001100010 - 11?
101001011111
In base 3, what is 11 + 10120111002?
10120111020
In base 11, what is -5 + -3901?
-3906
In base 7, what is 13 - -23055?
23101
In base 14, what is bc94 + -20?
bc74
In base 16, what is -2d7 + -d14?
-feb
In base 4, what is 10322212 + 33?
10322311
In base 2, what is -11000110010001 + -1011?
-11000110011100
In base 2, what is -1010001001 + -1111?
-1010011000
In base 8, what is -22 + -121073?
-121115
In base 3, what is -102102 + 102220?
111
In base 13, what is 5b4 + 16a?
751
In base 14, what is 0 + 1142?
1142
In base 13, what is 4 - 9617?
-9613
In base 7, what is 43335 - -6?
43344
In base 6, what is 121 + 1210?
1331
In base 6, what is 0 + 131123?
131123
In base 4, what is -2032220 + 121?
-2032033
In base 8, what is 160 - 14146?
-13766
In base 15, what is 1 - -90005?
90006
In base 4, what is 3 + -10202222?
-10202213
In base 15, what is -302 - 1b9?
-4bb
In base 8, what is 77743 - 2?
77741
In base 8, what is -1 + -733?
-734
In base 5, what is 4 + -1032034?
-1032030
In base 6, what is 5330 + -2?
5324
In base 4, what is 2 - -10303012?
10303020
In base 13, what is 37460 + -b?
37452
In base 14, what is 21 + 1a90?
1ab1
In base 6, what is 1 - 4145251?
-4145250
In base 12, what is -1a01930 - 1?
-1a01931
In base 15, what is -c0d + 53?
-baa
In base 9, what is -2284 + -2?
-2286
In base 16, what is 5 + 363d?
3642
In base 9, what is -70 + -1200?
-1270
In base 11, what is 365a49 - -3?
365a51
In base 4, what is -1021 - 3212?
-10233
In base 2, what is 1101100110011111010000 + -11?
1101100110011111001101
In base 3, what is -11 + -210200200?
-210200211
In base 9, what is -237 - -25?
-212
In base 14, what is -51 + -3ad?
-420
In base 14, what is -54b - 90?
-5db
In base 9, what is 3 + -1257?
-1254
In base 8, what is -10777563 - -1?
-10777562
In base 14, what is -a - -4195?
4189
In base 14, what is -5c6 + -14a?
-732
In base 10, what is -116730 - -3?
-116727
In base 11, what is 1 + 242362?
242363
In base 7, what is 14021410 - 5?
14021402
In base 12, what is 32 - 4a01?
-498b
In base 14, what is 14813 - 5?
1480c
In base 4, what is -10110021 + 0?
-10110021
In base 4, what is -13 + -3312013?
-3312032
In base 5, what is -12040 - 341?
-12431
In base 13, what is 216 + -58?
18b
In base 4, what is 32000 - -3?
32003
In base 9, what is 4 + 655?
660
In base 16, what is 33 + -ef?
-bc
In base 12, what is 80 - b8?
-38
In base 5, what is -1244114 + 342?
-1243222
In base 8, what is -15 + 16600?
16563
In base 16, what is -1aeaa + 1?
-1aea9
In base 2, what is 1000100010010000000 - -1?
1000100010010000001
In base 11, what is -15a - -a678?
a519
In base 16, what is f9e10 - -4?
f9e14
In base 13, what is 1 + -49857?
-49856
In base 16, what is 14 - 492f?
-491b
In base 16, what is 1ab + 1d?
1c8
In base 12, what is 67 + -62b?
-584
In base 7, what is -4 - -155120?
155113
In base 13, what is 24b - -3c?
28a
In base 8, what is 11 - 5636?
-5625
In base 4, what is -2300 - -201300?
133000
In base 16, what is -7 + -b83?
-b8a
In base 6, what is -400232 + 14?
-400214
In base 11, what is 13083 + a1?
13174
In base 6, what is -1 + -52325?
-52330
In base 16, what is -51262 - 1?
-51263
In base 9, what is 6801 - -343?
7244
In base 3, what is -11 - -1200210022?
1200210011
In base 8, what is 5 + -751036?
-751031
In base 16, what is c97 - 2?
c95
In base 8, what is -3 + 45165?
45162
In base 8, what is 61514 + -2?
61512
In base 15, what is -186 + -3b?
-1c2
In base 16, what is -3 + c8f4?
c8f1
In base 7, what is 3321315 + -11?
3321304
In base 2, what is 11111110101010000 + 100?
11111110101010100
In base 14, what is 4945 + -3?
4942
In base 15, what is -428 + 1e?
-409
In base 11, what is 1 + -54697?
-54696
In base 8, what is -35453 - 3?
-35456
In base 16, what is -4 - ffb?
-fff
In base 6, what is 23055 + -33?
23022
In base 3, what is 20 - -1111122?
1111212
In base 14, what is 822cc + 1?
822cd
In base 10, what is -214499 - -1?
-214498
In base 4, what is -1 + -211103?
-211110
In base 9, what is -68314 - -7?
-68306
In base 11, what is -159a6 + 3a?
-15967
In base 4, what is 112 + 1133120?
1133232
In base 13, what is 40b - -14c0?
18cb
In base 16, what is -bd1 + 144?
-a8d
In base 11, what is -23 - -3725?
3702
In base 13, what is 8518 + -4?
8514
In base 11, what is -49575 - 4?
-49579
In base 6, what is -5252 + -35?
-5331
In base 12, what is 3a0 + 353?
733
In base 9, what is 80 + -1708?
-1618
In base 9, what is 1673 + 260?
2043
In base 6, what is -1521 - -12312?
10351
In base 13, what is -6b - 3441?
-34ac
In base 3, what is -2202 - 22021002?
-22100211
In base 3, what is -1011201011 + -20?
-1011201101
In base 15, what is 14c4 + -5b?
1468
In base 6, what is -304552001 - 4?
-304552005
In base 13, what is -102 - -179?
77
In base 7, what is -364663 - -2?
-364661
In base 5, what is 1133 + -1444?
-311
In base 8, what is 4773014 - 2?
4773012
In base 13, what is 0 + 35a20?
35a20
In base 3, what is -212121000 + -10?
-212121010
In base 10, what is -1625 + 243?
-1382
In base 11, what is 2 - -9332?
9334
In base 9, what is 57 + -1154?
-1086
In base 14, what is 4 + 1ab43?
1ab47
In base 2, what is -1100101000 - 11011000111?
-100111101111
In base 5, what is 142 - 41112?
-40420
In base 6, what is 33550 - 325?
33221
In base 10, what is 24163 + -24?
24139
In base 12, what is 1631a5 - 2?
1631a3
In base 9, what is 18881 - 2?
18878
In base 7, what is 20 + 44005?
44025
In base 15, what is -80d - 202?
-a10
In base 3, what is 1121012122220 - -2?
1121012122222
In base 4, what is -21103 + 113321?
32212
In base 3, what is -1 - -11100022022?
11100022021
In base 10, what is 37 + 883?
920
In base 15, what is 13c94 - 1?
13c93
In base 4, what is 110102200 - -131?
110102331
In base 7, what is -6651246 - 4?
-6651253
In base 13, what is 4 + -5702?
-56cb
In base 4, what is 22 + 131311003?
131311031
In base 16, what is 4f - -c1a?
c69
In base 10, what is 213 - 823?
-610
In base 4, what is 3333223302 + 11?
3333223313
In base 13, what is -249222 - -4?
-24921b
In base 3, what is -111 + -1010012021?
-1010012202
In base 8, what is -120 + 134?
14
In base 7, what is -2456 - -2445?
-11
In base 15, what is -15c + -64?
-1c1
In base 13, what is -5b0a + -22?
-5b2c
In base 9, what is 1611145 - 5?
1611140
In base 10, what is -11 - 35562?
-35573
In base 5, what is -203324234 - -4?
-203324230
In base 3, what is 1012201210 - -1100?
1012210010
In base 15, what is -1cd1 - -4e?
-1c82
In base 9, what is 351 - -27704?
28155
In base 7, what is 1040 - 5104?
-4034
In base 14, what is bb45 + 1?
bb46
In base 8, what is -10502254 + 1?
-10502253
In base 3, what is 2012101101202 + 1?
2012101101210
In base 4, what is -13331 + -213?
-20210
In base 4, what is 230100 - -22?
230122
In base 8, what is -31 - 136035?
-136066
In base 13, what is 9 - -a22?
a2b
In base 3, what is -20 + 122000102?
122000012
In base 2, what is 110100110001111011 - -11?
110100110001111110
In base 3, what is 20 - -2010112?
2010202
In base 10, what is 138 + -15191?
-15053
In base 9, what is -3 - 862143?
-862146
In base 4, what is 132031023 + 23?
132031112
In base 12, what is -1571 + b9?
-1474
In base 2, what is -110100101 + -1000101?
-111101010
In base 8, what is 12717724 - 0?
12717724
In base 11, what is -6398a - -30?
-6395a
In base 11, what is 887a4 - -2?
887a6
In base 12, what is 5 - 152137?
-152132
In base 6, what is 14244 + 53?
14341
In base 12, what is 22 - 5780?
-575a
In base 8, what is -113 + -4?
-117
In base 2, what is -11000100 - -1101100011?
1010011111
In base 7, what is 2 - 16163?
-16161
In base 6, what is -2335555 - -3?
-2335552
In base 13, what is 255 + -2b?
227
In base 8, what is -1255 + 5564?
4307
In base 2, what is 101 - 10110001001001001011?
-10110001001001000110
In base 3, what is -10111 + -2120002?
-2200120
In base 6, what is -114 + 4322?
4204
In base 2, what is -110101011011001 + -1111010?
-110101101010011
In base 16, what is -12